{"id":3322,"date":"2025-11-14T06:49:35","date_gmt":"2025-11-14T06:49:35","guid":{"rendered":"http:\/\/projetos.webthomaz.com\/prafrentebrasil\/?page_id=3322"},"modified":"2025-12-08T10:57:59","modified_gmt":"2025-12-08T10:57:59","slug":"politicas","status":"publish","type":"page","link":"https:\/\/projetos.webthomaz.com\/prafrentebrasil\/politicas\/","title":{"rendered":"Pol\u00edticas"},"content":{"rendered":"\t\t<div data-elementor-type=\"wp-page\" data-elementor-id=\"3322\" class=\"elementor elementor-3322\" data-elementor-post-type=\"page\">\n\t\t\t\t<div class=\"elementor-element elementor-element-4a0b3e0 e-con-full e-flex e-con e-parent\" data-id=\"4a0b3e0\" data-element_type=\"container\" data-settings=\"{&quot;background_background&quot;:&quot;gradient&quot;}\">\n\t\t\t\t<div class=\"elementor-element elementor-element-edd950d elementor-widget elementor-widget-heading\" data-id=\"edd950d\" data-element_type=\"widget\" data-widget_type=\"heading.default\">\n\t\t\t\t<div class=\"elementor-widget-container\">\n\t\t\t<h2 class=\"elementor-heading-title elementor-size-default\">LGPD<\/h2>\t\t<\/div>\n\t\t\t\t<\/div>\n\t\t\t\t<div class=\"elementor-element elementor-element-cc190ad elementor-widget elementor-widget-heading\" data-id=\"cc190ad\" data-element_type=\"widget\" data-widget_type=\"heading.default\">\n\t\t\t\t<div class=\"elementor-widget-container\">\n\t\t\t<h2 class=\"elementor-heading-title elementor-size-default\">A Lei 13.709\/2018 - Lei Geral de Prote\u00e7\u00e3o e Dados (LGPD) , preserva seu direito de pedir informa\u00e7\u00f5es sobre como utilizarmos seus dados pessoais, fazer reclama\u00e7\u00f5es ou denunciar qualquer fato que tenha afetado a sua privacidade.\n\nO grupo PFB  e seus colaboradores possuem o compromisso de assegurar constantemente a privacidade de seus dados atrav\u00e9s dos nossos sistemas e canais de atendimento. Para saber mais informa\u00e7\u00f5es, consulte aqui a nossa pol\u00edtica de privacidade.<\/h2>\t\t<\/div>\n\t\t\t\t<\/div>\n\t\t\t\t<div class=\"elementor-element elementor-element-0d6cee3 elementor-widget elementor-widget-heading\" data-id=\"0d6cee3\" data-element_type=\"widget\" data-widget_type=\"heading.default\">\n\t\t\t\t<div class=\"elementor-widget-container\">\n\t\t\t<h2 class=\"elementor-heading-title elementor-size-default\">O que \u00e9 a Lei Geral de Prote\u00e7\u00e3o de Dados (LGPD \u2013 13.709\/18)?<\/h2>\t\t<\/div>\n\t\t\t\t<\/div>\n\t\t\t\t<div class=\"elementor-element elementor-element-286a820 elementor-widget elementor-widget-heading\" data-id=\"286a820\" data-element_type=\"widget\" data-widget_type=\"heading.default\">\n\t\t\t\t<div class=\"elementor-widget-container\">\n\t\t\t<h2 class=\"elementor-heading-title elementor-size-default\">Lei Geral de Prote\u00e7\u00e3o de Dados ou LGPD \u00e9 a lei n\u00ba 13.709 sancionada em 18 de setembro de 2018. Seu principal objetivo \u00e9 garantir a privacidade, prote\u00e7\u00e3o e transpar\u00eancia no uso dos dados das pessoas f\u00edsicas em quaisquer meios.\n<\/h2>\t\t<\/div>\n\t\t\t\t<\/div>\n\t\t\t\t<div class=\"elementor-element elementor-element-9484217 elementor-widget elementor-widget-heading\" data-id=\"9484217\" data-element_type=\"widget\" data-widget_type=\"heading.default\">\n\t\t\t\t<div class=\"elementor-widget-container\">\n\t\t\t<h2 class=\"elementor-heading-title elementor-size-default\">O que s\u00e3o dados pessoais?<\/h2>\t\t<\/div>\n\t\t\t\t<\/div>\n\t\t\t\t<div class=\"elementor-element elementor-element-0b75937 elementor-widget elementor-widget-heading\" data-id=\"0b75937\" data-element_type=\"widget\" data-widget_type=\"heading.default\">\n\t\t\t\t<div class=\"elementor-widget-container\">\n\t\t\t<h2 class=\"elementor-heading-title elementor-size-default\">Dados pessoais s\u00e3o informa\u00e7\u00f5es relacionadas a pessoas naturais, ou seja, quaisquer dados que isoladamente ou agregados permitam a identifica\u00e7\u00e3o de pessoa f\u00edsica (titular).\nDados pessoais simples: Nome, CPF, RG, CNH, endere\u00e7o, telefone, e-mail, IP da m\u00e1quina, perfil de investidor, etc.\n\nDados pessoais sens\u00edveis: Religi\u00e3o, opini\u00e3o p\u00fablica, ra\u00e7a, etnia, filia\u00e7\u00e3o \u00e0 sindicato, dados m\u00e9dicos, biometria, identidade de g\u00eanero, etc.<\/h2>\t\t<\/div>\n\t\t\t\t<\/div>\n\t\t\t\t<div class=\"elementor-element elementor-element-746b715 elementor-widget elementor-widget-heading\" data-id=\"746b715\" data-element_type=\"widget\" data-widget_type=\"heading.default\">\n\t\t\t\t<div class=\"elementor-widget-container\">\n\t\t\t<h2 class=\"elementor-heading-title elementor-size-default\">Quais s\u00e3o seus direitos?<\/h2>\t\t<\/div>\n\t\t\t\t<\/div>\n\t\t\t\t<div class=\"elementor-element elementor-element-8caaba0 elementor-widget elementor-widget-heading\" data-id=\"8caaba0\" data-element_type=\"widget\" data-widget_type=\"heading.default\">\n\t\t\t\t<div class=\"elementor-widget-container\">\n\t\t\t<h2 class=\"elementor-heading-title elementor-size-default\">Em respeito \u00e0 voc\u00ea e cumprindo as exig\u00eancias da LGPD, colocamos a disposi\u00e7\u00e3o um canal onde poder\u00e1 exercer seu direito atrav\u00e9s do contato direto com o nosso Encarregado de Prote\u00e7\u00e3o de Dados, tamb\u00e9m conhecido como DPO (Data Protection Officer).\n\nDados do Encarregado de Prote\u00e7\u00e3o \/ DPO\nNome: Patricia Francisco de Souza Zini\nLocaliza\u00e7\u00e3o: Rodovia BR277 ,KM579 - SN - Cascavel - PR\nHor\u00e1rio de atendimento: De segunda a sexta feira, das 09h \u00e0s 18h, exceto feriados.\nE-mail de contato: dpo@prafrentebrasil.com.br<\/h2>\t\t<\/div>\n\t\t\t\t<\/div>\n\t\t\t\t<div class=\"elementor-element elementor-element-8c161e0 elementor-widget elementor-widget-heading\" data-id=\"8c161e0\" data-element_type=\"widget\" data-widget_type=\"heading.default\">\n\t\t\t\t<div class=\"elementor-widget-container\">\n\t\t\t<h2 class=\"elementor-heading-title elementor-size-default\">Cookies<\/h2>\t\t<\/div>\n\t\t\t\t<\/div>\n\t\t\t\t<div class=\"elementor-element elementor-element-ce8f8e8 elementor-widget elementor-widget-heading\" data-id=\"ce8f8e8\" data-element_type=\"widget\" data-widget_type=\"heading.default\">\n\t\t\t\t<div class=\"elementor-widget-container\">\n\t\t\t<h2 class=\"elementor-heading-title elementor-size-default\">Este site utiliza cookies para melhorar sua experi\u00eancia de navega\u00e7\u00e3o, personalizar conte\u00fados, analisar o tr\u00e1fego e entender como voc\u00ea interage com nossas p\u00e1ginas. Os cookies s\u00e3o pequenos arquivos armazenados no seu dispositivo que ajudam o site a funcionar corretamente e a oferecer um uso mais eficiente e personalizado.\n\nUtilizamos diferentes tipos de cookies: cookies essenciais, que s\u00e3o necess\u00e1rios para o funcionamento b\u00e1sico do site; cookies funcionais, que permitem lembrar prefer\u00eancias do usu\u00e1rio; cookies anal\u00edticos, que ajudam a entender o desempenho do site e como os visitantes o utilizam; e cookies de marketing, usados para exibir an\u00fancios relevantes e medir a efic\u00e1cia de campanhas.\n\nAo continuar navegando em nosso site, voc\u00ea concorda com o uso de cookies. Caso prefira, voc\u00ea pode gerenciar ou desativar cookies diretamente nas configura\u00e7\u00f5es do seu navegador, mas algumas funcionalidades podem n\u00e3o funcionar corretamente ao fazer isso.<\/h2>\t\t<\/div>\n\t\t\t\t<\/div>\n\t\t\t\t<\/div>\n\t\t<div class=\"elementor-element elementor-element-f917ea6 e-grid e-con-full e-con e-parent\" data-id=\"f917ea6\" data-element_type=\"container\">\n\t\t\t\t<div class=\"elementor-element elementor-element-6e3a3f5 elementor-widget elementor-widget-image\" data-id=\"6e3a3f5\" data-element_type=\"widget\" data-widget_type=\"image.default\">\n\t\t\t\t<div class=\"elementor-widget-container\">\n\t\t\t\t\t\t\t\t\t\t\t\t\t\t<a href=\"https:\/\/forms.office.com\/Pages\/ResponsePage.aspx?id=qW4_VNQ3s0WGgDL8rOOTSEcCpAeQA01EqxWAAhcKVF1UNlBNRk1YUEpOUzJaNzZLNUo2TDlCOVo2UC4u\">\n\t\t\t\t\t\t\t<img loading=\"lazy\" decoding=\"async\" width=\"358\" height=\"99\" src=\"https:\/\/projetos.webthomaz.com\/prafrentebrasil\/wp-content\/uploads\/2025\/12\/formtransp.png\" class=\"attachment-full size-full wp-image-3448\" alt=\"\" srcset=\"https:\/\/projetos.webthomaz.com\/prafrentebrasil\/wp-content\/uploads\/2025\/12\/formtransp.png 358w, https:\/\/projetos.webthomaz.com\/prafrentebrasil\/wp-content\/uploads\/2025\/12\/formtransp-300x83.png 300w\" sizes=\"auto, (max-width: 358px) 100vw, 358px\" \/>\t\t\t\t\t\t\t\t<\/a>\n\t\t\t\t\t\t\t\t\t\t\t\t\t<\/div>\n\t\t\t\t<\/div>\n\t\t\t\t<div class=\"elementor-element elementor-element-499b9b3 elementor-widget elementor-widget-image\" data-id=\"499b9b3\" data-element_type=\"widget\" data-widget_type=\"image.default\">\n\t\t\t\t<div class=\"elementor-widget-container\">\n\t\t\t\t\t\t\t\t\t\t\t\t\t\t<a href=\"https:\/\/forms.office.com\/Pages\/ResponsePage.aspx?id=qW4_VNQ3s0WGgDL8rOOTSEcCpAeQA01EqxWAAhcKVF1UNlBNRk1YUEpOUzJaNzZLNUo2TDlCOVo2UC4u\">\n\t\t\t\t\t\t\t<img loading=\"lazy\" decoding=\"async\" width=\"358\" height=\"99\" src=\"https:\/\/projetos.webthomaz.com\/prafrentebrasil\/wp-content\/uploads\/2025\/12\/formposto-1.png\" class=\"attachment-full size-full wp-image-3449\" alt=\"\" srcset=\"https:\/\/projetos.webthomaz.com\/prafrentebrasil\/wp-content\/uploads\/2025\/12\/formposto-1.png 358w, https:\/\/projetos.webthomaz.com\/prafrentebrasil\/wp-content\/uploads\/2025\/12\/formposto-1-300x83.png 300w\" sizes=\"auto, (max-width: 358px) 100vw, 358px\" \/>\t\t\t\t\t\t\t\t<\/a>\n\t\t\t\t\t\t\t\t\t\t\t\t\t<\/div>\n\t\t\t\t<\/div>\n\t\t\t\t<\/div>\n\t\t\t\t<\/div>\n\t\t","protected":false},"excerpt":{"rendered":"<p>LGPD A Lei 13.709\/2018 &#8211; Lei Geral de Prote\u00e7\u00e3o e Dados (LGPD) , preserva seu direito de pedir informa\u00e7\u00f5es sobre como utilizarmos seus dados pessoais, fazer reclama\u00e7\u00f5es ou denunciar qualquer fato que tenha afetado a sua privacidade. O grupo PFB e seus colaboradores possuem o compromisso de assegurar constantemente a privacidade de seus dados atrav\u00e9s [&hellip;]<\/p>\n","protected":false},"author":1,"featured_media":0,"parent":0,"menu_order":0,"comment_status":"closed","ping_status":"closed","template":"elementor_header_footer","meta":{"_joinchat":[],"footnotes":""},"class_list":["post-3322","page","type-page","status-publish","hentry"],"_links":{"self":[{"href":"https:\/\/projetos.webthomaz.com\/prafrentebrasil\/wp-json\/wp\/v2\/pages\/3322","targetHints":{"allow":["GET"]}}],"collection":[{"href":"https:\/\/projetos.webthomaz.com\/prafrentebrasil\/wp-json\/wp\/v2\/pages"}],"about":[{"href":"https:\/\/projetos.webthomaz.com\/prafrentebrasil\/wp-json\/wp\/v2\/types\/page"}],"author":[{"embeddable":true,"href":"https:\/\/projetos.webthomaz.com\/prafrentebrasil\/wp-json\/wp\/v2\/users\/1"}],"replies":[{"embeddable":true,"href":"https:\/\/projetos.webthomaz.com\/prafrentebrasil\/wp-json\/wp\/v2\/comments?post=3322"}],"version-history":[{"count":7,"href":"https:\/\/projetos.webthomaz.com\/prafrentebrasil\/wp-json\/wp\/v2\/pages\/3322\/revisions"}],"predecessor-version":[{"id":3452,"href":"https:\/\/projetos.webthomaz.com\/prafrentebrasil\/wp-json\/wp\/v2\/pages\/3322\/revisions\/3452"}],"wp:attachment":[{"href":"https:\/\/projetos.webthomaz.com\/prafrentebrasil\/wp-json\/wp\/v2\/media?parent=3322"}],"curies":[{"name":"wp","href":"https:\/\/api.w.org\/{rel}","templated":true}]}}

Políticas

<div data-elementor-type="wp-page" data-elementor-id="3322" class="elementor elementor-3322" data-elementor-post-type="page">
				<div class="elementor-element elementor-element-4a0b3e0 e-con-full e-flex e-con e-parent" data-id="4a0b3e0" data-element_type="container" data-settings="{&quot;background_background&quot;:&quot;gradient&quot;}">
				<div class="elementor-element elementor-element-edd950d elementor-widget elementor-widget-heading" data-id="edd950d" data-element_type="widget" data-widget_type="heading.default">
				<div class="elementor-widget-container">
			<h2 class="elementor-heading-title elementor-size-default">LGPD</h2>		</div>
				</div>
				<div class="elementor-element elementor-element-cc190ad elementor-widget elementor-widget-heading" data-id="cc190ad" data-element_type="widget" data-widget_type="heading.default">
				<div class="elementor-widget-container">
			<h2 class="elementor-heading-title elementor-size-default">A Lei 13.709/2018 - Lei Geral de Proteção e Dados (LGPD) , preserva seu direito de pedir informações sobre como utilizarmos seus dados pessoais, fazer reclamações ou denunciar qualquer fato que tenha afetado a sua privacidade.

O grupo PFB  e seus colaboradores possuem o compromisso de assegurar constantemente a privacidade de seus dados através dos nossos sistemas e canais de atendimento. Para saber mais informações, consulte aqui a nossa política de privacidade.</h2>		</div>
				</div>
				<div class="elementor-element elementor-element-0d6cee3 elementor-widget elementor-widget-heading" data-id="0d6cee3" data-element_type="widget" data-widget_type="heading.default">
				<div class="elementor-widget-container">
			<h2 class="elementor-heading-title elementor-size-default">O que é a Lei Geral de Proteção de Dados (LGPD – 13.709/18)?</h2>		</div>
				</div>
				<div class="elementor-element elementor-element-286a820 elementor-widget elementor-widget-heading" data-id="286a820" data-element_type="widget" data-widget_type="heading.default">
				<div class="elementor-widget-container">
			<h2 class="elementor-heading-title elementor-size-default">Lei Geral de Proteção de Dados ou LGPD é a lei nº 13.709 sancionada em 18 de setembro de 2018. Seu principal objetivo é garantir a privacidade, proteção e transparência no uso dos dados das pessoas físicas em quaisquer meios.
</h2>		</div>
				</div>
				<div class="elementor-element elementor-element-9484217 elementor-widget elementor-widget-heading" data-id="9484217" data-element_type="widget" data-widget_type="heading.default">
				<div class="elementor-widget-container">
			<h2 class="elementor-heading-title elementor-size-default">O que são dados pessoais?</h2>		</div>
				</div>
				<div class="elementor-element elementor-element-0b75937 elementor-widget elementor-widget-heading" data-id="0b75937" data-element_type="widget" data-widget_type="heading.default">
				<div class="elementor-widget-container">
			<h2 class="elementor-heading-title elementor-size-default">Dados pessoais são informações relacionadas a pessoas naturais, ou seja, quaisquer dados que isoladamente ou agregados permitam a identificação de pessoa física (titular).
Dados pessoais simples: Nome, CPF, RG, CNH, endereço, telefone, e-mail, IP da máquina, perfil de investidor, etc.

Dados pessoais sensíveis: Religião, opinião pública, raça, etnia, filiação à sindicato, dados médicos, biometria, identidade de gênero, etc.</h2>		</div>
				</div>
				<div class="elementor-element elementor-element-746b715 elementor-widget elementor-widget-heading" data-id="746b715" data-element_type="widget" data-widget_type="heading.default">
				<div class="elementor-widget-container">
			<h2 class="elementor-heading-title elementor-size-default">Quais são seus direitos?</h2>		</div>
				</div>
				<div class="elementor-element elementor-element-8caaba0 elementor-widget elementor-widget-heading" data-id="8caaba0" data-element_type="widget" data-widget_type="heading.default">
				<div class="elementor-widget-container">
			<h2 class="elementor-heading-title elementor-size-default">Em respeito à você e cumprindo as exigências da LGPD, colocamos a disposição um canal onde poderá exercer seu direito através do contato direto com o nosso Encarregado de Proteção de Dados, também conhecido como DPO (Data Protection Officer).

Dados do Encarregado de Proteção / DPO
Nome: Patricia Francisco de Souza Zini
Localização: Rodovia BR277 ,KM579 - SN - Cascavel - PR
Horário de atendimento: De segunda a sexta feira, das 09h às 18h, exceto feriados.
E-mail de contato: dpo@prafrentebrasil.com.br</h2>		</div>
				</div>
				<div class="elementor-element elementor-element-8c161e0 elementor-widget elementor-widget-heading" data-id="8c161e0" data-element_type="widget" data-widget_type="heading.default">
				<div class="elementor-widget-container">
			<h2 class="elementor-heading-title elementor-size-default">Cookies</h2>		</div>
				</div>
				<div class="elementor-element elementor-element-ce8f8e8 elementor-widget elementor-widget-heading" data-id="ce8f8e8" data-element_type="widget" data-widget_type="heading.default">
				<div class="elementor-widget-container">
			<h2 class="elementor-heading-title elementor-size-default">Este site utiliza cookies para melhorar sua experiência de navegação, personalizar conteúdos, analisar o tráfego e entender como você interage com nossas páginas. Os cookies são pequenos arquivos armazenados no seu dispositivo que ajudam o site a funcionar corretamente e a oferecer um uso mais eficiente e personalizado.

Utilizamos diferentes tipos de cookies: cookies essenciais, que são necessários para o funcionamento básico do site; cookies funcionais, que permitem lembrar preferências do usuário; cookies analíticos, que ajudam a entender o desempenho do site e como os visitantes o utilizam; e cookies de marketing, usados para exibir anúncios relevantes e medir a eficácia de campanhas.

Ao continuar navegando em nosso site, você concorda com o uso de cookies. Caso prefira, você pode gerenciar ou desativar cookies diretamente nas configurações do seu navegador, mas algumas funcionalidades podem não funcionar corretamente ao fazer isso.</h2>		</div>
				</div>
				</div>
		<div class="elementor-element elementor-element-f917ea6 e-grid e-con-full e-con e-parent" data-id="f917ea6" data-element_type="container">
				<div class="elementor-element elementor-element-6e3a3f5 elementor-widget elementor-widget-image" data-id="6e3a3f5" data-element_type="widget" data-widget_type="image.default">
				<div class="elementor-widget-container">
														<a href="https://forms.office.com/Pages/ResponsePage.aspx?id=qW4_VNQ3s0WGgDL8rOOTSEcCpAeQA01EqxWAAhcKVF1UNlBNRk1YUEpOUzJaNzZLNUo2TDlCOVo2UC4u">
							<img loading="lazy" decoding="async" width="358" height="99" src="https://projetos.webthomaz.com/prafrentebrasil/wp-content/uploads/2025/12/formtransp.png" class="attachment-full size-full wp-image-3448" alt="" srcset="https://projetos.webthomaz.com/prafrentebrasil/wp-content/uploads/2025/12/formtransp.png 358w, https://projetos.webthomaz.com/prafrentebrasil/wp-content/uploads/2025/12/formtransp-300x83.png 300w" sizes="auto, (max-width: 358px) 100vw, 358px" />								</a>
													</div>
				</div>
				<div class="elementor-element elementor-element-499b9b3 elementor-widget elementor-widget-image" data-id="499b9b3" data-element_type="widget" data-widget_type="image.default">
				<div class="elementor-widget-container">
														<a href="https://forms.office.com/Pages/ResponsePage.aspx?id=qW4_VNQ3s0WGgDL8rOOTSEcCpAeQA01EqxWAAhcKVF1UNlBNRk1YUEpOUzJaNzZLNUo2TDlCOVo2UC4u">
							<img loading="lazy" decoding="async" width="358" height="99" src="https://projetos.webthomaz.com/prafrentebrasil/wp-content/uploads/2025/12/formposto-1.png" class="attachment-full size-full wp-image-3449" alt="" srcset="https://projetos.webthomaz.com/prafrentebrasil/wp-content/uploads/2025/12/formposto-1.png 358w, https://projetos.webthomaz.com/prafrentebrasil/wp-content/uploads/2025/12/formposto-1-300x83.png 300w" sizes="auto, (max-width: 358px) 100vw, 358px" />								</a>
													</div>
				</div>
				</div>
				</div>

<p>LGPD A Lei 13.709/2018 &#8211; Lei Geral de Proteção e Dados (LGPD) , preserva seu direito de pedir informações sobre como utilizarmos seus dados pessoais, fazer reclamações ou denunciar qualquer fato que tenha afetado a sua privacidade. O grupo PFB e seus colaboradores possuem o compromisso de assegurar constantemente a privacidade de seus dados através [&hellip;]</p>
